 is divided by k.
1
What is the remainder when (-46)/6*((-91)/(-26) - 6)*12 is divided by 215?
15
Let g(d) = 12*d**2 + 153*d + 21. What is the remainder when 1406 is divided by g(-13)?
26
Suppose x + 5*j = 49, 2*j = 5*x + 43 - 153. Let h(m) = 12*m + 22. Let b be (-2)/(((-15)/(-10))/(-3)). Calculate the remainder when h(b) is divided by x.
22
Suppose -3*z + 5 = -7. Suppose z*c - 120 = 4*o, -4*c - 2*o + 100 - 10 = 0. What is the remainder when c is divided by 6?
1
Let f be 1*(0 + 2 + -4 + 1). Let v = f + 5. Suppose v*x = x + 3. Calculate the remainder when 5 is divided by x.
0
Suppose -4*y - 219 + 790 = 3*c, 4*y = 3*c + 613. What is the remainder when y is divided by 7?
1
Let r(l) = -80*l + 841. Calculate the remainder when 257 is divided by r(10).
11
Suppose 3*a = 12, 5*b + 0*b + 210 = 5*a. Let c = -223 + 339. Let f = b + c. Calculate the remainder when f is divided by 27.
24
Let p(u) = -44*u - 58. Let f be ((-39)/(-9) - 8) + (-1)/3. Calculate the remainder when p(f) is divided by 62.
56
Let w = -3269 + 3297. What is the remainder when 3246 is divided by w?
26
Suppose 9*s + 22 - 166 = 0. Let b(n) = -n + 6. Let r be b(0). Let q(i) = 4*i + 6. What is the remainder when q(r) is divided by s?
14
Let n = 488 - 443. Suppose n*x + 1751 = 62*x. Calculate the remainder when x is divided by 4.
3
Let t(x) = -29*x**2 - 96*x - 3. Calculate the remainder when 1343 is divided by t(-3).
23
Let j(g) = -g - 3. Let i = -6556 + 6577. Calculate the remainder when i is divided by j(-7).
1
Let r be ((-57)/(-4))/(21/56). Let q = -37 + r. What is the remainder when q/((-5)/(-415)) - (-4 - -1) is divided by 23?
17
Suppose 3*u + 4*o = -307 + 16, -3*u + 4*o = 267. Let x = -63 - u. What is the remainder when x is divided by (1 + (0 - -2))*3?
3
Calculate the remainder when ((-294)/8)/(3402/(-200) - -17) is divided by 335.
325
Let y = 147 + -95. Suppose 5*j - y = -2. What is the remainder when 96 is divided by j?
6
Let y = 242 - 222. Calculate the remainder when 1356 is divided by y.
16
Let l(h) = 23*h**2 + 215*h - 1213. What is the remainder when l(6) is divided by 102?
89
Suppose -5*y = 5, -4*l - 18 + 53 = 5*y. Let o = 9 + -8. What is the remainder when o - (1 + -3 - 44) is divided by l?
7
Suppose -w + 224 = -2*g + 46, -3*w - 5*g = -556. What is the remainder when w is divided by (19 - 1890/108)*1/((-3)/(-110))?
17
Let r(h) = 43 - 68*h + 187*h - 60*h - 63*h. What is the remainder when 301 is divided by r(-2)?
46
Suppose -8*l + 20*l = -8340. Let k = -342 - l. Calculate the remainder when k is divided by 71.
69
Calculate the remainder when (-19)/(-52 + 14)*(1 + -3027)/(-1) is divided by 37.
33
Suppose 4*a = 221 - 145. What is the remainder when 202 is divided by a?
12
Suppose 3*n = -2*k + 795, -4*k + 7*n - 2*n + 1535 = 0. Suppose 0 = 7*y - 4*y - k. Let a = y + -36. Calculate the remainder when a is divided by 26.
16
Suppose 0 = -5*x + 18*x - 494. Suppose 4*o - x = l, 0 = -4*o - 9*l + 5*l + 48. Suppose -7*r = -3*r - 112. What is the remainder when r is divided by o?
8
Let n = 1610 + -1498. What is the remainder when 319 is divided by n?
95
Suppose 5 = i - 2*p, -2*p = -0*i + 2*i - 34. Calculate the remainder when (-15)/10*(-136)/(-11 + 15) is divided by i.
12
Suppose -8*h = -6*h - 3*w - 380, -5*w = -4*h + 762. Suppose -3*n + 2*n = -h. Calculate the remainder when n is divided by 13.
11
Suppose 0*d - 5*d - 195 = 0. Let a = d - -42. What is the remainder when 2/6 + 0 + 232/24 is divided by a?
1
Let a(n) = -n**2 + 26*n + 87. Let l be a(29). Let k = 85 - 80. Suppose l = 4*v + s - 157, -8*v + 215 = -3*v - k*s. What is the remainder when v is divided by 7?
5
What is the remainder when ((-25254)/610)/((-1)/10 - (-5 - -5)) is divided by 84?
78
Let n(b) = -3*b + 1101. Calculate the remainder when n(-29) is divided by 60.
48
Suppose u - 12 - 53 = 2*y, 2*y = 4*u - 242. Suppose 2*l + 336 = 14*l. Calculate the remainder when l is divided by (-6)/14 - u/(-7).
4
Suppose 3*v - 9 = 0, 0 = 2*a + 10*v - 12*v - 6. Suppose 2*y = -42*o + 43*o + 72, -3*o + a = 0. Calculate the remainder when 143 is divided by y.
32
Let o(g) = g**3 + 8*g**2 + 11*g + 5. Suppose -11 = 3*w + z, -2*w - z - 4 = 3. Calculate the remainder when o(w) is divided by 3.
1
Let b = 2354 - 985. What is the remainder when b is divided by 9?
1
Calculate the remainder when -8 + (-200)/(-30) - -8*1393/6 is divided by 20.
16
Let m be -114 + (-7 - 48/(-6)). Let g = 135 + m. Calculate the remainder when g is divided by 6.
4
Let l be (-30)/35*(-15 - -1). Suppose -116 = 10*f - l*f. What is the remainder when f is divided by 20?
18
Suppose 263 = 3*j - 0*j - 2*j. What is the remainder when 281 is divided by j?
18
Suppose 995 + 4171 = -28*a + 70*a. Calculate the remainder when 2946 is divided by a.
117
Let x = 12181 - 12176. Calculate the remainder when 13512 is divided by x.
2
Suppose 65748 = -23*p + 69290. What is the remainder when 1004 is divided by p?
80
Suppose 2*m + 5 = 3*m - 5*f, 0 = -4*m - 2*f + 42. Let j(z) = -552 + m*z + 21*z + 513. Calculate the remainder when j(6) is divided by 37.
36
Let j(d) = d**3 - 17*d**2 + 1. Let z be (-3 + 4)/(3*4/204). Suppose f - 5 = -0. What is the remainder when f is divided by j(z)?
0
Let q = 5006 - 4923. Calculate the remainder when 262 is divided by q.
13
Suppose 2*q - 45 = 55*a - 52*a, -3*a - 99 = -4*q. Suppose 0*z - 4*z = -2048. Calculate the remainder when z is divided by q.
26
Let o(t) = -5 - 14*t - 33 - 7*t + 4 - t**2. Let x be o(-19). Suppose -d = -x*m + 63, 2*m - 2*d + 3*d - 39 = 0. Calculate the remainder when m is divided by 9.
8
Calculate the remainder when 49469/185 + (1/1 - (-2)/(-5)) is divided by 82.
22
Suppose 3 = -6*t - 3. Let l(c) = 48*c**3 + 3*c**2 + c - 1. Let g be l(t). Let m = g - -68. What is the remainder when 61 is divided by m?
19
Let a = 80 + -77. Suppose g + 20 = 5*t - 0*g, 0 = -a*t + 3*g + 12. Let m(h) = -h**3 + 9*h**2 + 3*h - 6. What is the remainder when m(t) is divided by 23?
17
Suppose 0 = 3*y - 2*n - 14398, 2*y - 62*n - 9573 = -57*n. Calculate the remainder when y is divided by 22.
8
Let h = -8866 - -9301. What is the remainder when h is divided by 87?
0
Let p = -5689 + 5961. Calculate the remainder when p is divided by 77.
41
Let x = 46 - -271. What is the remainder when 319 is divided by x?
2
Let q(x) = -x**3 - 12*x**2 + 6. Let f be q(-12). Let g(n) = -5*n**3 + 30*n**2 + n - 2. What is the remainder when 9 is divided by g(f)?
1
Let c(a) = -2*a - 34. Let f be c(-8). Let r(o) = 3*o + 69. What is the remainder when 44 is divided by r(f)?
14
Let o = 122 - 118. Let c be o - 235 - (1 - 0). What is the remainder when 23 is divided by c/(-24) - (-3)/9?
3
Calculate the remainder when 2047 is divided by (-16 - (-2875)/184)/(1/(-48)).
13
Let h be (-28)/322 + 234/46. Suppose h*f + 8*m - 7*m - 1080 = 0, -875 = -4*f - 3*m. What is the remainder when f is divided by 7?
5
Let z = -15440 + 16540. What is the remainder when 2200 is divided by z?
0
Let l be (8/(-4) - -3 - 3)*18. Let p = l - -40. Suppose p*i + 4*o - 212 = 0, i + 3*i + 3*o = 215. Calculate the remainder when i is divided by 19.
18
Let d(t) = 32*t - 325. Let p be d(12). What is the remainder when (-9 - -6)/((-3)/p) is divided by 15?
14
Let c = -459 - -511. What is the remainder when c is divided by 11?
8
Let u(j) = -3*j + 6. Let n be u(-7). Let t = -6014 + 6055. What is the remainder when t is divided by 6/n - 97/(-9)?
8
Suppose j + 14 = 5*s - 22, 98 = -4*j - 3*s. Let u = j + 47. Suppose -3*i - 82 = -5*i. Calculate the remainder when i is divided by u.
20
Let c = 4111 + -3912. Calculate the remainder when 406 is divided by c.
8
Let t be (-12)/78 + (-12)/(-78). Suppose -j + 6*j - 50 = t. What is the remainder when j is divided by 9?
1
Calculate the remainder when 232 is divided by -8*(-507)/52 - (-60)/(-5).
34
Suppose 26*s + 2*s - 20079 = 5*s. Calculate the remainder when s is divided by 80.
73
Calculate the remainder when 113 + -17 + 7 + 20 - -1 is divided by 3 - 183/(-3)*1.
60
Let j = 3502 - 3488. Calculate the remainder when 1258 is divided by j.
12
Let v = 452 - 264. Suppose 3*s - v = -s. Let h(b) = -b**3 - 20*b**2 + 16*b - 80. Calculate the remainder when s is divided by h(-21).
22
Let c(p) = 5*p**3 - 91*p**2 + 569*p + 4. What is the remainder when c(6) is divided by 37?
1
Let c = 9 + 4. Suppose -5*o = -3*a - 3